- -1492. What is the greatest common divisor of j and h?
1
Let z(i) = 2*i**2 - i + 5. Suppose p + 4 = 5*p. Let j = p - 6. Let t be z(j). Calculate the highest common factor of 40 and t.
20
Let p = -70 + 410. Calculate the highest common divisor of p and 140.
20
Let c = 5 + -14. Let q be (-1)/14*6 - 330/14. Let g = c - q. Calculate the greatest common divisor of g and 75.
15
Suppose -31*g + 468 = -22*g. Calculate the highest common divisor of g and 13.
13
Suppose 8 = 3*i - q, 0*q = q - 4. Let r(k) = -67*k + 753. Let n be r(11). Calculate the greatest common divisor of n and i.
4
Let h be (-4298)/(-42) - (-1)/(-3). What is the greatest common divisor of h and 6?
6
Let b be (102/12 + -4)*2. Calculate the highest common factor of 501 and b.
3
Let c(m) = -m**3 + 3*m**2 + 10*m + 14. Let b be c(8). Let o = 322 + b. Suppose 0*j - 24 = -j. Calculate the greatest common divisor of j and o.
24
Let i be 97/9 - (-28)/126. Calculate the highest common divisor of i and 88.
11
Let j(r) = -r**3 - 8*r**2 - 5*r + 11. Let d be j(-7). Let p = d + 10. Let y(n) = 5*n - 12. Let a be y(p). Calculate the greatest common factor of 115 and a.
23
Let s be 2/9 - 1/(36/(-316)). Let f be ((-56)/(-5))/2*90/s. What is the greatest common divisor of f and 8?
8
Suppose 4 = 5*m + 14. Let z be ((-10)/5)/(m/3) - -18. Suppose -3*n - 2*n + 8 = 2*c, 3*n + 82 = 5*c. What is the highest common factor of z and c?
7
Let b be (-354)/10 + 14/35. Let y = b + 8. Let d be (-511)/(-9) + (-6)/y. What is the highest common factor of d and 38?
19
Suppose 2*d + 4*k + 32 = 0, 5*k = -d - 2 - 2. Let r be 450/27*(d/10)/(-2). Calculate the greatest common factor of r and 180.
20
Let y be (-578 - -573) + (-1 - -282 - 0). What is the greatest common factor of y and 12?
12
Let l = 18 + -5. Let k = -7 + l. What is the greatest common divisor of k and 6?
6
Let n be -4 + -2 + 2 + 1. Let i(x) = -x**3 + 9 - x**2 - 2 - x**2 - 3. Let k be i(n). Calculate the greatest common factor of 39 and k.
13
Suppose 4*x = 6*x - 3*w - 13, -4*x = -3*w - 35. Let b be -1 + 0 - (-9)/(-1). Let u = b + x. Calculate the greatest common factor of 4 and u.
1
Let v = 16048 - 10925. Calculate the highest common factor of v and 109.
109
Let v(l) = l**2 + 2*l - 2. Let j be v(1). Let p be (-20)/15*(-10 + j). Suppose -16*q + p*q + 684 = 0. Calculate the highest common factor of q and 19.
19
Let s(m) = -2*m**2 - 50*m - 96. Let y be s(-21). Let c(u) = u**3 - 2*u**2 + 2*u + 2. Let j be c(2). What is the greatest common divisor of y and j?
6
Suppose -14*x = x - 1875. What is the highest common divisor of 75 and x?
25
Let g be (8/4)/((-48)/(-1128)). Calculate the highest common factor of 1081 and g.
47
Let q be (1 - 4) + (-12 - 42). Let k be ((-12)/18)/(2/q). What is the greatest common divisor of k and 76?
19
Suppose -4 = -2*i - 5*b + 8, 2*i - b - 12 = 0. Calculate the greatest common factor of i and 9.
3
Let w be 3/3 + (-24)/(-3). Let s = w + 1. Let z = -68 + 78. What is the greatest common divisor of z and s?
10
Let z be 1 - -4 - -3 - 2. Calculate the highest common divisor of z and 4.
2
Let x(o) = -6*o - 45*o + 15 - 1 - 4. Let d be x(-2). Calculate the greatest common divisor of d and 16.
16
Let j be (1/3)/((-212)/(-42) + -5). Let p be -2*(0 - (5 - 3)). Suppose -3*s - 91 = -p*c - j, 3*c + 5*s - 34 = 0. What is the highest common factor of c and 36?
18
Let q(s) = -s**2 - s - 1. Let z be q(-2). Let b be (z - 0)/((-18)/(-24)). Let d = 2 - b. What is the highest common factor of d and 6?
6
Suppose -3*m + 8*m + 4*r = 971, -2*m + 366 = -4*r. Suppose 0 = 2*f + g - m, 2*g = 6*g + 4. What is the highest common divisor of 24 and f?
24
Let b(m) = 394*m**3 - 20*m**2 + 24*m - 3. Let t be b(1). Calculate the highest common factor of 5 and t.
5
Suppose n - 13 = 3*q, -2*q - 6 = -n + 11. Suppose 16*y - 5*y - 8750 = -39*y. What is the highest common divisor of y and n?
25
Let n = 175 - -41. Calculate the greatest common divisor of 8 and n.
8
Let a(p) = 2*p + 4. Let q be a(4). Let d = -1716 - -1884. Calculate the highest common divisor of d and q.
12
Suppose -5*w + 275 + 525 = 0. Let f be -4*30/(-12) - -22. What is the highest common divisor of f and w?
32
Let n = 29 - 21. Suppose -h = n - 27. Calculate the highest common divisor of 38 and h.
19
Suppose -4*d - 2*n + 176 = 0, -7*d + 12*d - 3*n - 242 = 0. Calculate the greatest common factor of 4 and d.
2
Suppose 5*c - 5*j - 43 = 1942, 5*c - 2000 = 2*j. What is the highest common divisor of c and 6?
6
Let y = 749 + -709. Calculate the highest common factor of y and 580.
20
Let x = -836 - -921. What is the highest common factor of x and 5?
5
Let f(n) = -2*n**3 - 22*n**2 + 53*n + 25. Let t be f(-15). Calculate the greatest common divisor of 10 and t.
10
Let d be (1200/(-5))/(-1) + 2. What is the greatest common divisor of 22 and d?
22
Let k = 65 + -61. Suppose 26 = -k*j + 86. Suppose -8*l + 40 = -4*l. What is the highest common divisor of j and l?
5
Suppose 0 = 4*u - 6*u + 180. Suppose -5*q + 6 = 1, 544 = 4*s + 4*q. What is the greatest common divisor of s and u?
45
Let c be (70/(-6))/(1/(-3)). Suppose 17 - c = -s. Suppose 3 = 3*v - 78. Calculate the highest common factor of v and s.
9
Let i = -23 - -26. Let f be (i - (-417)/(-6))*-2. Calculate the highest common factor of 19 and f.
19
Suppose -x - 91 - 2 = 0. Let u be (-1)/(2 + x/45). What is the highest common factor of u and 10?
5
Let y be (-1 + 14/5)/(54/11430). Calculate the highest common divisor of y and 3.
3
Let x = -2512 - -2616. Calculate the greatest common factor of 260 and x.
52
Let d(n) = 9*n + 1. Let b be d(-3). Let k = 3 - b. Calculate the highest common factor of k and 261.
29
Let n be (2*(-2)/12)/(-1)*123. What is the greatest common factor of n and 287?
41
Let a = -3 - -5. Let z be (2 - 1) + 180/a. Let v be (62 - 53) + 4/1. Calculate the greatest common factor of v and z.
13
Let o = 1214 + -1210. Let y(z) = -43*z**3 - z. Let b be y(-1). Calculate the highest common factor of b and o.
4
Suppose -5*m - 3*v + 4*v + 23 = 0, 5*m + 4*v - 8 = 0. Suppose -3*j + 3*c + 123 = -0*j, -m*c = 2*j - 88. Calculate the highest common factor of j and 63.
21
Let m(z) = 2*z + 32. Let g be m(-11). Let l be (-12)/(-18) - g/(-3). Calculate the highest common divisor of l and 44.
4
Let b(t) = 6*t**2 - t. Let v be b(1). Suppose v*a - 470 = -5*m + a, -m = a - 95. Let k = -829 - -839. Calculate the highest common divisor of m and k.
10
Let i = -8 - -22. Suppose -2*p + 260 = -6*p. Let v = p - -100. Calculate the highest common factor of i and v.
7
Let x be -2 + 21/4 + (-26)/104. Let p(y) = -y**3 + 5*y**2 + 3*y - 6. Let h be p(x). Calculate the highest common divisor of 42 and h.
21
Suppose -82*q + 89*q = 245. Calculate the greatest common divisor of q and 35.
35
Let c(w) = -w**3 - 6*w**2 + w - 9. Let m be c(-7). Suppose -44 = -47*g + 45*g. Calculate the highest common divisor of m and g.
11
Suppose 11*j = 14*j - 66. What is the highest common factor of 33 and j?
11
Let t = -72 + 93. Let v(s) = 190*s**3 - 2*s**2 + 1. Let o be v(1). What is the greatest common factor of t and o?
21
Let l be (-801254)/(-742) - 1*2/(-14). What is the highest common divisor of l and 40?
40
Let i = 916 - 910. What is the highest common divisor of i and 39?
3
Suppose -5*y - 3*t = -81, -3*t = y - 2*y + 27. Let x = 819 - 675. Calculate the greatest common divisor of y and x.
18
Let c(z) = 79*z + 918. Let d be c(-11). What is the greatest common divisor of d and 119?
7
Suppose -3*z - 4*u = -145, -32*z - 131 = -35*z - 2*u. Let f = -6 + 19. Calculate the highest common factor of f and z.
13
Let l = 5440 - 3321. What is the greatest common divisor of 13 and l?
13
Suppose 0 = -j + 2 + 3. Suppose 0 = -j*l + 4*l + 33. Let n be (-1 - (-33)/27) + (-1372)/(-63). Calculate the highest common divisor of l and n.
11
Suppose 12*x - 9*x = 2*c + 184, -2*x + 4*c + 128 = 0. What is the greatest common factor of x and 165?
15
Let s be (2 - 63/14)*-2. Calculate the highest common factor of s and 5.
5
Let f(j) be the third derivative of j**6/120 + j**5/10 - j**4/12 - j**3 + 6*j**2. Let l be f(-3). Calculate the greatest common factor of l and 3.
3
Let k be (4/3)/2*3. Suppose -k*i - 1 = -i. Let p(h) = -88*h**3 - h**2 + h + 2. Let w be p(i). What is the highest common divisor of w and 22?
22
Let t be 12224/80 - 16/20